(0 + 10) - (1 - 0).
-1
Calculate -6 - (-4 + -1) - (9 - (-14 - -32)).
8
(-5 - -2) + (27 - (9 + 7)) + -22
-14
What is -4 + 5 + (-14 - -1) + 6?
-6
Calculate -51 + (-13 + 59 - 20).
-25
Calculate 8 - 10 - (8 - (28 + -4)).
14
Evaluate 13 + -7 + 0 - (-16 + 8).
14
Calculate -18 - (-12 + -16 - 0).
10
What is 21 - (10 + 3) - (16 - (3 + -4))?
-9
-14 + 17 + 2 + -2
3
Calculate 2 + (5 - (-9 + 5)).
11
(-47 - -49) + (2 - 15) + 28
17
What is 7 - ((-56 - -20) + 39)?
4
Calculate (19 - 0) + -365 + 340.
-6
What is the value of 0 + -13 - -16 - (0 + -6)?
9
What is 12 + -14 + 12 + -15?
-5
What is -38 - -1 - (-1212 - -1180)?
-5
What is -1 + (-18 - 0) + (11 - (-51 - -58))?
-15
What is -8 + 21 + -12 - -5?
6
Evaluate 0 - (23 - 25 - (4 + -12)).
-6
What is the value of 1 + 2 + (20 + -11 - 4) + 6?
14
What is 1 - (-2 + 2 + -12 + 13)?
0
Evaluate 4 - (-12 - -37) - (0 + -6).
-15
What is 39 + -59 - (-4 + -4)?
-12
What is (-12 - (5 + 4 + -3 - 11)) + -4?
-11
What is the value of -20 - (-75 - (-61 - -34))?
28
Calculate (-17 + 6 - 1) + -2.
-14
Calculate 1 + 19 + -8 + -7 - 2.
3
What is 4 + (9 - 10 - -31)?
34
What is the value of -25 + 9 + (3 - (3 - 1 - -2))?
-17
What is -12 - (4 - -5 - 11)?
-10
What is 21 + -36 + -10 + 33?
8
Calculate -12 + 0 - (49 - 44).
-17
(5 - -1 - -1 - 9) + (-11 - -3)
-10
What is the value of (1 + -1 - (-36 - -43)) + -10?
-17
What is -7 + 27 + (17 - 61)?
-24
What is the value of 49 + (11 - (-29 + 70))?
19
Calculate 273 + -270 + (-3 - (-4 - (-3 - -1))).
2
Evaluate -5 - (-10 + 1 + (10 - 1)).
-5
Evaluate (-14 - -7) + (2 - 32).
-37
Calculate -10 + (230 - 242 - (-3 - (-7 + -2))).
-28
What is the value of 14 + (-5 - 9) - -8?
8
Calculate (0 - (5 + -8)) + 12 + 1 + -4.
12
Evaluate 7 + -3 + (-8 + 6 - -14).
16
Calculate 10 - (9 - (26 + -13)).
14
Calculate 3 - (16 + (-4 - 11)) - 7.
-5
What is the value of 11 + -6 + -7 + 16 + -10?
4
Calculate (-9 - 0) + (23 - 11).
3
Calculate (-7 - 0) + (-12 - (-7 + 8)).
-20
(2 - 5) + 17 + (23 - 41)
-4
(13 - (-8 + 23 - 7)) + (-3 - -6)
8
-12 + -6 + -13 + 36
5
-5 + 8 + (-4 - (-1 - 3)) + 6
9
Calculate (0 - -9) + (37 - 44) + (-1 - 8).
-7
Evaluate (1 - 23) + (13 - 10) - -5.
-14
-46 + 45 + -33 + 33
-1
13 - ((61 - 18) + -13)
-17
What is 5 + -3 + (1 + -1 - 1) + -1?
0
What is -1 + -9 - (-20 + -15 + 33)?
-8
-72 - -75 - (2 + -1 + -2)
4
What is 2 - (-11 + 23) - -2?
-8
What is the value of -6 - -1 - (-5 - ((-1 - 12) + 1))?
-12
(0 - 16) + (-9 + 0 - (-266 + 253))
-12
What is the value of (-122 - -118) + (1 + -1 - (-2 - 18))?
16
Calculate 1 - (-15 + (3 - -17)).
-4
Evaluate 21 - (31 + -23) - (7 + -13).
19
What is (3 - -1) + -4 + -2 + 25 + -7?
16
Evaluate -3 - (0 - 3) - -9 - (-6 - -32).
-17
What is the value of -3 - -1 - 2 - (4 + -6)?
-2
(-16 - (-24 - -50)) + 77
35
Calculate 6 + -27 + (-1 - 6).
-28
Calculate 263 - 250 - (2 - 2 - (0 + -1)).
12
6 + (-13 - -10) - 1
2
Evaluate 30 + 12 + (-33 - 29).
-20
What is 1 + -25 + (-4 - -2 - -10)?
-16
Evaluate 2 + -9 + 42 + (-37 - -13).
11
-2 + 0 - (-7 + 5 + -8 - 4)
12
-3 + -20 + (2 - -42)
21
Evaluate 1 + 0 + -5 + (3 + -7 - 8).
-16
Evaluate -11 - (7 - -4) - -1.
-21
Evaluate 1 + -43 + (173 - 156).
-25
What is the value of 154 - 178 - (1 - ((0 - 1) + 3))?
-23
9 + -10 + 8 + (-8 - -4) + -3
0
(10 - (-6 - -11)) + -16 + 31
20
Calculate -35 - -42 - (-8 - 1).
16
(10 - (48 + -45)) + 1 + -14
-6
What is the value of 9 + 0 - (-4 - -14)?
-1
What is the value of (-33 - (-13 - 7) - 14) + 11?
-16
Calculate 5 + (3 - -9) + -17 - 13.
-13
Calculate 3 + (1 - 3) - -6 - (-1495 + 1531).
-29
Evaluate -8 - 2 - (-12 - (-12 - -34)).
24
Evaluate 63 + 11 + -41 + -23.
10
What is 30 - 30 - (4 - (-7 - 0))?
-11
What is -19 - (8 - 35) - 12?
-4
What is the value of -11 - (-4 + (-37 - -41))?
-11
Evaluate -4 - (2 + -3 - (5 + 4 - 13)).
-7
What is the value of 3537 + -3543 - (20 + 0 + -1)?
-25
Evaluate 1 + -2 + -7 + 5 + 12 - 2.
7
15 + (-30 - -12) - -11
8
What is 41 - (-3 + (-1 - -18) + -3)?
30
What is the value of 39 + -51 + (-3 - -15)?
0
-91 - -108 - (-1 - -9)
9
What is (19 - 27) + (-1 - -18 - -3)?
12
What is the value of -22 + (14 - 0 - (44 - 38)) + -5?
-19
-38 + 15 + -7 - -22
-8
What is 45 + 12 + -26 + -5?
26
Calculate -12 - (-21 - (-27 + 6)).
-12
What is the value of 16 + (1 + -14 - 16)?
-13
(22 - 10 - 5 - 8) + 1
0
What is the value of 2 + (-2 + -4 - (1 + -7)) + 3?
5
8 + (-4 - 4) + -15
-15
(18 + 4 - 17) + -14
-9
Evaluate -20 - (-24 + (11 - 28)).
21
Calculate -2 + -5 + (7 - ((-1 - 8) + 2)).
7
What is the value of 7 + -1 + (6 - (7 + -1)) + -6?
0
What is -10 - (10 - (6 - (3 - 4)))?
-13
What is -20 + 15 + 0 + 4 + -6?
-7
Calculate 1 - ((-2 - (0 + (0 - 7))) + 1).
-5
Calculate (16 - -1) + 100 + -109.
8
Calculate (2 - (-3 - 0)) + 14 + -35.
-16
Evaluate -286 - -287 - (1 + -1).
1
What is the value of -10 + 0 + -1 + 0 - (-2286 - -2281)?
-6
What is the value of -8 + -2 + -2 + 29 + 2?
19
(0 - 6) + (-20 + -6 + 15 - -17)
0
1 + 5 - (-1 - ((-14 - 1) + 13))
5
Calculate 51 - (44 + 1) - (34 + (0 - -1)).
-29
What is (9 - (9 + -5)) + (-9 - -8)?
4
Evaluate -1 + -9 + (-2 - (-51 + 22)).
17
What is (-7 - (2 - (10 - 10))) + 14?
5
What is the value of 1 + -2 - (27 + (-17 - -1))?
-12
Evaluate 2 + 0 + -2 + 10 + (-7 - -12).
15
Calculate 49 + -52 - (1 + 1).
-5
(-2 - 2) + 128 + -126
-2
What is -7 + 10 + -32 - -2?
-27
1 - -1 - (-69 - -65)
6
What is the value of (3 - -4 - 3 - 9) + -1 - -1?
-5
Evaluate 9 + (4 - (-7 + 23)).
-3
Calculate 7 + 6 + 3 + -5 + 0 + 2.
13
What is -4 + 2 + 68 + -72 + 2 + -1?
-5
What is the value of -52 + 112 + -69 + 23 + (3 - 2)?
15
Evaluate -44 - -56 - (-14 - -33).
-7
What is (13 - (23 + 4 + -9)) + (0 - 0)?
-5
-32 + 41 + 4 + (-9 - 3)
1
Evaluate -31 - (-55 + 13) - 22.
-11
What is the value of (-7 - -1) + -10 + 24?
8
5 - -4 - (7 - (5 + -2) - 6)
11
Calculate 18 - -26 - (12 + 7).
25
Calculate (1 + -9 + 6 - -5) + -12.
-9
Evaluate -1 - (-1 - 9) - 2 - 18.
-11
Evaluate -2 + (4 - (16 - 12) - -14).
12
What is 0 + -11 + 2 + 10 + -7?
-6
Evaluate (-21 - -17) + (3 + -11 + -13 - -9).
-16
What is 10 - ((0 - -5) + -18 + 0 + 15)?
8
-10 + 19 - -9 - 0
18
Evaluate 12 + -18 + (5 + -3 - 7).
-11
-5 - 13 - (-4 + -1 + -7 + 11)
-17
0 + -17 - (67 + -72 + 2 + -2)
-12
What is the value of 63 + -61 + 0 + 4?
6
Calculate (115 - 114 - (6 + 0)) + 1.
-4
Calculate -18 - (-19 + 26 - 18).
-7
What is 5 + (-4 + 2 + 6 - 10) + 1?
0
Calculate 9 - -4 - (-8 - -26).
-5
What is the value of -1 - 4 - (16 + (8 - 30))?
1
What is the value of 9 + -20 - (1 + 7 + 0 - 4)?
-15
Calculate -137 + 121 - (-7 - 1).
-8
What is -5 - (2 - 16) - 3 - 10?
-4
-1 - 9 - (4 - ((4 - -3) + -9))
-16
Evaluate (-8 - (4 - 11)) + -1 + 0 + -2.
-4
(-1 - -6) + -11 - (3 + (11 - 33))
13
Evaluate (4 + 4 + -2 + -7 - 2) + 5.
2
Evaluate (-5 + 1 - 1) + (-33 - (27 + -54)).
-11
What is 39 - 80 - (24 + -34)?
-31
Evaluate (-51 + 50 - (-11 + 0)) + (-46 - -36).
0
Evaluate (6 - 4 - 7) + 15 + 2.
12
What is 6 + 4 - (-22 + 46)?
-14
Calculate -642 + 643 + 2 + 1.
4
What is the value of (-1 - 4) + 0 + (-8 - (32 - 37))?
-8
Evaluate -4 + 14 - (-18 + 39 + -4).
-7
(14 - (-8 + (3 - -7))) + (-6 - -1)
7
What is ((-4 - -12) + -31 - 4) + 4 + 3?
-20
What is (-15 - -11) + -5 + (-7 - -28)?
12
What is the value of -1 - ((-1 - 13) + -8 + (-3 - -18))?
6
What is -9 + 10 + 1 + 1 + -11 - 6?
-14
Calculate 10 + 76 + -79 + (4 - 0).
11
What is (-18 - -15) + (-2 - -17) + -1 + -6?
5
What is the value of (1 - 14) + 23 + -19 - (-6 + -1)?
-2
(-9 - 2) + -25 - -19
-17
What is the value of 24 - (-32 + 22 + 22)?
12
Evaluate -7 + (3 - 13 - -34).
17
Calculate -26 + 3 - -20 - (-5 - -1 - 0).
1
What is (8 - (-7 - (-2 + -5))) + 7?
15
What is the value of -7 + -3 - (-14 + (13 - -2))?
-11
Evaluate 30 + (0 - 4) - 15.
11
What is the value of (-6 - 15) + (36 - 52)?
-37
(-3 - -1 - -3) + -5 - 1 - -5
0
22 + (1 - (26 + -25))
22
Calculate 3 + (-4 - -16) - 2.
13
Calculate -7 - (5 + (-22 - -4 - 5)).
11
What is -7 + (-13 - (-25 - 8 - -10))?
3
What is the value of 595 - 580 - (-1 + 27)?
-11
What is the value of 7 + -6 + -17 + 23 + -29?
-22
What is -90 - -75 - (2 - 23)?
6
Calculate -41 + -3 - -15 - -2.
-27
What is the value of -1 + 2 + 21 + -2 - (-866 - -861)?
25
Calculate -4 + 9 + 7 + 2 + -3.
11
Calculate 6 - (-1 - -1 - -2) - (-317 + 309).
12
-4 + -2 + (22 - (-8 - -18))
6
What is the value of -12 - 0 - (-39 - -33)?
-6
8 - (3 + -6 - -10)
1
Evaluate 0 - -2 - (-6 - (-75 + 79)).
12
What is -10 - (0 - 2 - -2 - (268 + -266